e remainder when 1076 is divided by ((-432)/18)/((-2)/30*3).
116
Let v = -144 + 140. Calculate the remainder when 18387/135 - v/5 is divided by 7.
4
Let x(g) = 32*g**3 + 2*g**2 - 2*g. Let u be x(1). Let a = 45 + u. Let f = a + -35. Calculate the remainder when 167 is divided by f.
41
Let q = -26442 + 29042. Calculate the remainder when q is divided by 1300.
0
What is the remainder when 91*(-2 + 10 - 14/2) is divided by 26?
13
Let p = -27 + 35. Suppose 6*n - 149 - 223 = 0. Suppose 2*d = 32 + n. Calculate the remainder when d is divided by p.
7
Suppose -364 = -5*i - 4*d, 70 = i - 2694*d + 2692*d. Calculate the remainder when i is divided by 30.
12
Suppose -4*b = -62 - 258. Suppose -5*m = f - 41, -5*f = 3*m - 165 + 48. What is the remainder when b is divided by f?
17
Suppose 2*y = -4*a + 8, 0 = 4*y + 11 + 5. Suppose a*d - p - 112 = -0*p, -5*p - 84 = -3*d. What is the remainder when 158 is divided by d?
18
Suppose -37*b = 756 - 5708 + 549. What is the remainder when 402 is divided by b?
45
Suppose -4*x = -74*k + 78*k - 1184, -4*x = k - 1166. Calculate the remainder when x is divided by 64.
34
Let m(z) = 2*z**2 + 3*z + 4. Suppose 0 = 30*w - 28*w + 412. Let n = 226 + w. What is the remainder when m(-6) is divided by n?
18
Let f(j) = 10*j**2 - 19*j + 122. Let i be f(6). Let u = i + -293. Calculate the remainder when u is divided by 42.
33
Let a be -2*12/6 - -150. Suppose 0 = 6*r + 50 - a. Calculate the remainder when r is divided by 5.
1
Let m(y) = -4323*y - 8629. Let v = -3 + 3. Suppose v*z - 400 = -5*z. Calculate the remainder when z is divided by m(-2).
12
Let c(k) = -5*k**2 - 25*k - 8. Let s(u) = 2*u**2 + 13*u + 4. Let l(m) = -6*c(m) - 11*s(m). Calculate the remainder when l(-4) is divided by (31/(1054/1836))/2.
23
Let a(c) = -c**3 - 7*c**2 + 2*c + 11. Suppose x = -5*y - 30, -y - 9 = -4. Let f be a(x). Let p = f + 157. What is the remainder when p is divided by 55?
53
Let q = 1495 + 423. What is the remainder when q is divided by 16?
14
Let p = -2431 + 2517. Suppose 0 = 5*u - 69 - 61. What is the remainder when p is divided by u?
8
Suppose -99*x + 94*x + 415 = 0. Suppose 3*q - 59 = 4*b, 3*q + 3*b + 2*b = 41. What is the remainder when x is divided by q?
15
Suppose 34*y - 38*y = -32. Let m = -1847 + 1871. What is the remainder when m is divided by y?
0
Suppose 4*j + 4*v = -556, -4*j + 6*v - 8*v = 558. Let n = j + 149. What is the remainder when 159 is divided by n?
6
Suppose 26 + 74 + 15200 = 20*l. What is the remainder when l is divided by 12?
9
Suppose 243 = j + 52. Let p = 21199 + -21159. What is the remainder when j is divided by p?
31
Suppose -490*z + 160*z = -1541760. Calculate the remainder when z is divided by 4672.
0
Suppose -18*b - 4*q = -16*b - 22, 3 = -3*b + 3*q. Suppose b = -d, -t + 4*d + 20 = -13. What is the remainder when 54 is divided by t?
12
Let y(o) = o**3 + 8*o**2 + 5*o - 38. Suppose 15*c + 95 = 10*c. Let i = c - -22. Calculate the remainder when y(-6) is divided by i.
1
Let i = 2 - 0. Suppose 0 = 5*l - 5*v - 35, 54*l - 4*v - 24 = 52*l. Calculate the remainder when i is divided by l.
0
Let t be 2 - ((-347)/6 + 11/(-66)). Suppose g = -38 + t. Calculate the remainder when 117 is divided by g.
7
Let i = 3541 + -2005. Calculate the remainder when i is divided by 19.
16
Let a be 4/(12/(-9)) - -1 - -39. Let c = 43 - a. Let p(k) = k**3 - 7*k**2 + 7*k + 1. What is the remainder when p(c) is divided by 4?
3
Suppose o - 5 = -3, 2*g - 3*o = 12. Suppose 14*m = -g*m + 759. What is the remainder when m is divided by 17?
16
Let x be 2 + (-13)/(-4) - 4/16. Suppose 4*u - c = -x, 2*c + 0*c + 10 = -2*u. What is the remainder when (-39)/(-9)*u*-9 is divided by 40?
38
Let z = 253 - -41. Suppose -3*d = -4*h - 0*d + 290, 3*h = 2*d + 218. Calculate the remainder when z is divided by h.
72
Let r(h) = 24*h**3 - 2*h**2 - 16*h + 6. Calculate the remainder when r(2) is divided by 65.
28
Suppose -5*s = -21*s - 400. What is the remainder when 90 is divided by (-1852)/s + (-136)/1700?
16
Suppose 106*s = 107*s - 368. Suppose -s = -3*r - 284. Calculate the remainder when 70 is divided by r.
14
Calculate the remainder when 797 is divided by 60/(-5) + 2394/57.
17
Suppose 4*f + 3*d = 2543, -5*f + 50 + 3146 = -2*d. Calculate the remainder when 7028 is divided by f.
10
Let n = 176 - 181. What is the remainder when 95 is divided by 10/n - 210/(-7)?
11
Suppose -66 = -5*w - i - 18, -4*w + 48 = 4*i. Let h = 593 - 460. What is the remainder when h is divided by w?
7
Suppose 1581 = 26*r + 32*r + 189. Calculate the remainder when 4965 is divided by r.
21
Suppose 0 = 4*z - 82*b + 78*b - 720, 4*z - 5*b - 724 = 0. Calculate the remainder when 712 is divided by z.
8
Suppose -u = -3*b - 274, 480 = -5*b - u + 34. Let m = -79 - b. What is the remainder when 41 is divided by m?
8
Let v(c) = 6*c**2 - 53*c + 49. What is the remainder when v(8) is divided by 3?
0
Let b(j) = 17*j**2 + 253*j - 251. What is the remainder when 8358 is divided by b(1)?
17
Let x = -618 - -371. Let d = x - -441. What is the remainder when d is divided by 15?
14
What is the remainder when (-97)/(-5*(-11)/(-825)) is divided by 9?
6
Let y(m) = m**3 - 21 - 2*m**3 + 5*m**2 + 5*m**2 - 4*m**2. What is the remainder when 21 is divided by y(5)?
1
Suppose 0 = g - 5*x - 499, 8 = 3*x - 7*x. What is the remainder when g is divided by 17?
13
Suppose -203*q + 10323 + 285 = -33849. Calculate the remainder when q is divided by 16.
11
Suppose 204 = -3*y - 0*b - 4*b, 5*b = 2*y + 159. Let n = y + 116. Calculate the remainder when n is divided by 20.
4
Suppose 6*j - 3*j - 2*b = 177, 293 = 5*j - 3*b. What is the remainder when 566 is divided by j?
16
Let y = 3415 - 2362. Calculate the remainder when y is divided by 53.
46
Let q be (-197)/(-5) + (-21)/(-35). Let t = q - -156. What is the remainder when t is divided by 33?
31
Suppose 2*q + 5*r - 365 = 0, 2*q - 34*r + 35*r = 337. Calculate the remainder when q is divided by 70.
25
Let o be (-5)/(2/484*-2). Suppose 2*c - o = -3*c. Suppose 6*p - 7*k = -4*k + 264, -p + 11 = 5*k. What is the remainder when c is divided by p?
39
Suppose 0 = s - 3*o - 297, 4*s - 2*o - 300 = 868. Calculate the remainder when s is divided by 30.
21
Suppose 5*p - 24 = 3*s + 65, 5*s - 48 = -2*p. Calculate the remainder when 416 is divided by p.
17
Suppose 2*l - 149 - 1049 = 5*v, 2*v = -2*l + 1212. Suppose 0*i = -5*p - i + l, -2*p - 3*i = -239. What is the remainder when p is divided by 36?
13
Calculate the remainder when 1004/(-6)*3/(-2) is divided by 36.
35
Suppose g - 4373 = -19*r + 16*r, 0 = 3*g + 21. Calculate the remainder when r is divided by 183.
179
Let m(h) = 3*h - 38. Let t be -1*12/(-36) + (-208)/(-6). Calculate the remainder when m(t) is divided by 10.
7
Suppose 0 = 2*v + 2*y - 190, v + 6 - 95 = 2*y. Suppose 18*n = 13*n + 160. Calculate the remainder when (v/(-5))/(8/(-40)) is divided by n.
29
Let j(u) = 2*u**2 - 14*u - 29. What is the remainder when j(15) is divided by 105?
1
Let q(m) be the third derivative of m**5/60 + m**3 - 3*m**2. Let t = 6126 - 6002. Calculate the remainder when t is divided by q(6).
40
Let f(j) be the second derivative of j**3/3 + 47*j**2/2 + 26*j - 1. What is the remainder when f(37) is divided by 41?
39
Suppose 3*o + 3*r - 2 = 7, 15 = 5*o - r. Suppose 2*f - o*f + 36 = -z, -4*f + 162 = 2*z. Calculate the remainder when 115 is divided by f.
37
Suppose -m - 2*x + 2784 = 0, -214 + 3005 = m - 5*x. Calculate the remainder when m is divided by 30.
26
Let u = -11 - 192. Let q = 212 + u. What is the remainder when q is divided by 5?
4
Let c = 4 + 32. Let m = -144 + 209. Suppose 0 = -6*b + m + 55. What is the remainder when c is divided by b?
16
Let u(m) = 14*m - 41. Let s = 568 - 552. Calculate the remainder when u(5) is divided by s.
13
Suppose 2*b + 0*b + 4 = 0, 0 = 4*y - 3*b - 14. Let h = -62 - -103. What is the remainder when y*(243/(-6) + 1)*-1 is divided by h?
38
Suppose -6 = -z + 9. Let b(v) = -3*v + 28. Suppose -1 = 3*l + 11. What is the remainder when b(l) is divided by z?
10
What is the remainder when 2*(3230/20 - 0) is divided by 4?
3
Let v(s) = -3 + 4*s + 4*s - 2*s + 3*s**2 - 3*s. Suppose 3*p + 3*o - 57 = 0, p + 2*o - 9 = -o. Calculate the remainder when p is divided by v(2).
9
Suppose -539 = -41*k - 6. Suppose 0 = -2*i - 5 - 1. Calculate the remainder when (-7